{"id":10556,"date":"2021-03-06T15:51:40","date_gmt":"2021-03-06T14:51:40","guid":{"rendered":"https:\/\/grainedecoton.fr\/wordpress\/produit\/bouquet-floral-lait-demaquillant-200ml\/"},"modified":"2026-01-02T10:57:18","modified_gmt":"2026-01-02T09:57:18","slug":"bouquet-floral-lait-demaquillant-200ml","status":"publish","type":"product","link":"https:\/\/grainedecoton.fr\/wordpress\/produit\/bouquet-floral-lait-demaquillant-200ml\/","title":{"rendered":"BOUQUET FLORAL Lait d\u00e9maquillant 200ml"},"content":{"rendered":"","protected":false},"excerpt":{"rendered":"<p>BOUQUET FLORAL Lait d\u00e9maquillant 200ml<\/p>\n<p><span style=\"font-weight: 400;\">Le lait d\u00e9maquillant douceur detox certifi\u00e9 bio permet d\u2019\u00e9liminer le maquillage et les impuret\u00e9s en douceur tout en pr\u00e9servant l\u2019\u00e9quilibre naturel de la peau. Sa texture onctueuse et velout\u00e9e et particuli\u00e8rement douce est id\u00e9ale pour les peaux s\u00e8ches et sensibles.\u00a0\u00a0<\/span><\/p>\n<p style=\"font-weight: 400;\">\n<p style=\"font-weight: 400;\">\n<p style=\"font-weight: 400;\">Ce d\u00e9maquillant d\u00e9licatement parfum\u00e9 associe les vertus hydratantes et apaisantes des<strong>\u00a0eaux forales de rose<\/strong>\u00a0et\u00a0<strong>de fleur d\u2019oranger<\/strong>\u00a0aux propri\u00e9t\u00e9s d\u00e9toxifiantes du\u00a0<strong>Th\u00e9 vert.\u00a0<\/strong>Gr\u00e2ce \u00e0 sa formule d\u00e9licate enrichie en glyc\u00e9rine v\u00e9g\u00e9tale le<strong>\u00a0lait d\u00e9maquillant detox certifi\u00e9 bio<\/strong>\u00a0est parfait pour hydrater et apaiser la peau.<\/p>\n<p style=\"font-weight: 400;\">\n<p style=\"font-weight: 400;\">\n<p style=\"font-weight: 400;\">Certifi\u00e9 bio par Ecocert*<\/p>\n<p style=\"font-weight: 400;\">99% du total des ingr\u00e9dients sont d&rsquo;origine naturelle<\/p>\n<p style=\"font-weight: 400;\">10% du total des ingr\u00e9dients sont issus de l&rsquo;Agriculture Biologique<\/p>\n<p style=\"font-weight: 400;\">Formule Vegan<\/p>\n<p style=\"font-weight: 400;\">Fabriqu\u00e9 en France Flacon 100% recycl\u00e9 et recyclable.<\/p>\n<p style=\"font-weight: 400;\">\n<p style=\"font-weight: 400;\">*Cosm\u00e9tique Ecologique et Biologique certifi\u00e9 par ECOCERT Greenlife disponible sur\u00a0<a href=\"http:\/\/cosmetiques.ecocert.com\/\">http:\/\/cosmetiques.ecocert.com<\/p>\n<p><\/a><\/p>\n<p>Le lait d\u00e9maquillant douceur detox est id\u00e9al pour :<\/p>\n<p style=\"font-weight: 400;\">&#8211; les adeptes des d\u00e9maquillants sans rin\u00e7age<\/p>\n<p style=\"font-weight: 400;\">&#8211; Les femmes \u00e0 la recherche d\u2019un d\u00e9maquillant doux et naturel<\/p>\n<p style=\"font-weight: 400;\">&#8211; pour tous les types de peaux, en particulier s\u00e8ches et sensibles<\/p>\n","protected":false},"featured_media":8772,"comment_status":"open","ping_status":"closed","template":"","meta":[],"product_brand":[],"product_cat":[17],"product_tag":[],"class_list":{"0":"post-10556","1":"product","2":"type-product","3":"status-publish","4":"has-post-thumbnail","6":"product_cat-non-classe","8":"first","9":"instock","10":"taxable","11":"shipping-taxable","12":"purchasable","13":"product-type-simple"},"yoast_head":"<!-- This site is optimized with the Yoast SEO plugin v25.6 - https:\/\/yoast.com\/wordpress\/plugins\/seo\/ -->\n<title>BOUQUET FLORAL Lait d\u00e9maquillant 200ml - Graine de coton - Parapharmacie<\/title>\n<meta name=\"robots\" content=\"index, follow, max-snippet:-1, max-image-preview:large, max-video-preview:-1\" \/>\n<link rel=\"canonical\" href=\"https:\/\/grainedecoton.fr\/wordpress\/produit\/bouquet-floral-lait-demaquillant-200ml\/\" \/>\n<meta property=\"og:locale\" content=\"fr_FR\" \/>\n<meta property=\"og:type\" content=\"article\" \/>\n<meta property=\"og:title\" content=\"BOUQUET FLORAL Lait d\u00e9maquillant 200ml - Graine de coton - Parapharmacie\" \/>\n<meta property=\"og:description\" content=\"BOUQUET FLORAL Lait d\u00e9maquillant 200ml  Le lait d\u00e9maquillant douceur detox certifi\u00e9 bio permet d\u2019\u00e9liminer le maquillage et les impuret\u00e9s en douceur tout en pr\u00e9servant l\u2019\u00e9quilibre naturel de la peau. Sa texture onctueuse et velout\u00e9e et particuli\u00e8rement douce est id\u00e9ale pour les peaux s\u00e8ches et sensibles.\u00a0\u00a0   Ce d\u00e9maquillant d\u00e9licatement parfum\u00e9 associe les vertus hydratantes et apaisantes des\u00a0eaux forales de rose\u00a0et\u00a0de fleur d\u2019oranger\u00a0aux propri\u00e9t\u00e9s d\u00e9toxifiantes du\u00a0Th\u00e9 vert.\u00a0Gr\u00e2ce \u00e0 sa formule d\u00e9licate enrichie en glyc\u00e9rine v\u00e9g\u00e9tale le\u00a0lait d\u00e9maquillant detox certifi\u00e9 bio\u00a0est parfait pour hydrater et apaiser la peau.   Certifi\u00e9 bio par Ecocert* 99% du total des ingr\u00e9dients sont d&#039;origine naturelle 10% du total des ingr\u00e9dients sont issus de l&#039;Agriculture Biologique Formule Vegan Fabriqu\u00e9 en France Flacon 100% recycl\u00e9 et recyclable.  *Cosm\u00e9tique Ecologique et Biologique certifi\u00e9 par ECOCERT Greenlife disponible sur\u00a0http:\/\/cosmetiques.ecocert.com  Le lait d\u00e9maquillant douceur detox est id\u00e9al pour : - les adeptes des d\u00e9maquillants sans rin\u00e7age - Les femmes \u00e0 la recherche d\u2019un d\u00e9maquillant doux et naturel - pour tous les types de peaux, en particulier s\u00e8ches et sensibles\" \/>\n<meta property=\"og:url\" content=\"https:\/\/grainedecoton.fr\/wordpress\/produit\/bouquet-floral-lait-demaquillant-200ml\/\" \/>\n<meta property=\"og:site_name\" content=\"Graine de coton - Parapharmacie\" \/>\n<meta property=\"article:publisher\" content=\"https:\/\/www.facebook.com\/pages\/category\/Pharmacy---Drugstore\/Graine-de-coton-parapharmacie-339080217976\/\" \/>\n<meta property=\"article:modified_time\" content=\"2026-01-02T09:57:18+00:00\" \/>\n<meta property=\"og:image\" content=\"https:\/\/grainedecoton.fr\/wordpress\/wp-content\/uploads\/2019\/10\/P.jpg\" \/>\n\t<meta property=\"og:image:width\" content=\"620\" \/>\n\t<meta property=\"og:image:height\" content=\"620\" \/>\n\t<meta property=\"og:image:type\" content=\"image\/jpeg\" \/>\n<meta name=\"twitter:card\" content=\"summary_large_image\" \/>\n<script type=\"application\/ld+json\" class=\"yoast-schema-graph\">{\"@context\":\"https:\/\/schema.org\",\"@graph\":[{\"@type\":\"WebPage\",\"@id\":\"https:\/\/grainedecoton.fr\/wordpress\/produit\/bouquet-floral-lait-demaquillant-200ml\/\",\"url\":\"https:\/\/grainedecoton.fr\/wordpress\/produit\/bouquet-floral-lait-demaquillant-200ml\/\",\"name\":\"BOUQUET FLORAL Lait d\u00e9maquillant 200ml - Graine de coton - Parapharmacie\",\"isPartOf\":{\"@id\":\"https:\/\/grainedecoton.fr\/wordpress\/#website\"},\"primaryImageOfPage\":{\"@id\":\"https:\/\/grainedecoton.fr\/wordpress\/produit\/bouquet-floral-lait-demaquillant-200ml\/#primaryimage\"},\"image\":{\"@id\":\"https:\/\/grainedecoton.fr\/wordpress\/produit\/bouquet-floral-lait-demaquillant-200ml\/#primaryimage\"},\"thumbnailUrl\":\"https:\/\/grainedecoton.fr\/wordpress\/wp-content\/uploads\/2019\/10\/P.jpg\",\"datePublished\":\"2021-03-06T14:51:40+00:00\",\"dateModified\":\"2026-01-02T09:57:18+00:00\",\"breadcrumb\":{\"@id\":\"https:\/\/grainedecoton.fr\/wordpress\/produit\/bouquet-floral-lait-demaquillant-200ml\/#breadcrumb\"},\"inLanguage\":\"fr-FR\",\"potentialAction\":[{\"@type\":\"ReadAction\",\"target\":[\"https:\/\/grainedecoton.fr\/wordpress\/produit\/bouquet-floral-lait-demaquillant-200ml\/\"]}]},{\"@type\":\"ImageObject\",\"inLanguage\":\"fr-FR\",\"@id\":\"https:\/\/grainedecoton.fr\/wordpress\/produit\/bouquet-floral-lait-demaquillant-200ml\/#primaryimage\",\"url\":\"https:\/\/grainedecoton.fr\/wordpress\/wp-content\/uploads\/2019\/10\/P.jpg\",\"contentUrl\":\"https:\/\/grainedecoton.fr\/wordpress\/wp-content\/uploads\/2019\/10\/P.jpg\",\"width\":620,\"height\":620},{\"@type\":\"BreadcrumbList\",\"@id\":\"https:\/\/grainedecoton.fr\/wordpress\/produit\/bouquet-floral-lait-demaquillant-200ml\/#breadcrumb\",\"itemListElement\":[{\"@type\":\"ListItem\",\"position\":1,\"name\":\"Accueil\",\"item\":\"https:\/\/grainedecoton.fr\/wordpress\/\"},{\"@type\":\"ListItem\",\"position\":2,\"name\":\"Boutique\",\"item\":\"https:\/\/grainedecoton.fr\/wordpress\/boutique\/\"},{\"@type\":\"ListItem\",\"position\":3,\"name\":\"BOUQUET FLORAL Lait d\u00e9maquillant 200ml\"}]},{\"@type\":\"WebSite\",\"@id\":\"https:\/\/grainedecoton.fr\/wordpress\/#website\",\"url\":\"https:\/\/grainedecoton.fr\/wordpress\/\",\"name\":\"Graine de coton - Parapharmacie\",\"description\":\"Produits Bios et naturels\",\"publisher\":{\"@id\":\"https:\/\/grainedecoton.fr\/wordpress\/#organization\"},\"potentialAction\":[{\"@type\":\"SearchAction\",\"target\":{\"@type\":\"EntryPoint\",\"urlTemplate\":\"https:\/\/grainedecoton.fr\/wordpress\/?s={search_term_string}\"},\"query-input\":{\"@type\":\"PropertyValueSpecification\",\"valueRequired\":true,\"valueName\":\"search_term_string\"}}],\"inLanguage\":\"fr-FR\"},{\"@type\":\"Organization\",\"@id\":\"https:\/\/grainedecoton.fr\/wordpress\/#organization\",\"name\":\"Graine de Coton\",\"url\":\"https:\/\/grainedecoton.fr\/wordpress\/\",\"logo\":{\"@type\":\"ImageObject\",\"inLanguage\":\"fr-FR\",\"@id\":\"https:\/\/grainedecoton.fr\/wordpress\/#\/schema\/logo\/image\/\",\"url\":\"https:\/\/grainedecoton.fr\/wordpress\/wp-content\/uploads\/2018\/11\/logo-graine-de-cotonpt.jpg\",\"contentUrl\":\"https:\/\/grainedecoton.fr\/wordpress\/wp-content\/uploads\/2018\/11\/logo-graine-de-cotonpt.jpg\",\"width\":576,\"height\":149,\"caption\":\"Graine de Coton\"},\"image\":{\"@id\":\"https:\/\/grainedecoton.fr\/wordpress\/#\/schema\/logo\/image\/\"},\"sameAs\":[\"https:\/\/www.facebook.com\/pages\/category\/Pharmacy---Drugstore\/Graine-de-coton-parapharmacie-339080217976\/\"]}]}<\/script>\n<!-- \/ Yoast SEO plugin. -->","yoast_head_json":{"title":"BOUQUET FLORAL Lait d\u00e9maquillant 200ml - Graine de coton - Parapharmacie","robots":{"index":"index","follow":"follow","max-snippet":"max-snippet:-1","max-image-preview":"max-image-preview:large","max-video-preview":"max-video-preview:-1"},"canonical":"https:\/\/grainedecoton.fr\/wordpress\/produit\/bouquet-floral-lait-demaquillant-200ml\/","og_locale":"fr_FR","og_type":"article","og_title":"BOUQUET FLORAL Lait d\u00e9maquillant 200ml - Graine de coton - Parapharmacie","og_description":"BOUQUET FLORAL Lait d\u00e9maquillant 200ml  Le lait d\u00e9maquillant douceur detox certifi\u00e9 bio permet d\u2019\u00e9liminer le maquillage et les impuret\u00e9s en douceur tout en pr\u00e9servant l\u2019\u00e9quilibre naturel de la peau. Sa texture onctueuse et velout\u00e9e et particuli\u00e8rement douce est id\u00e9ale pour les peaux s\u00e8ches et sensibles.\u00a0\u00a0   Ce d\u00e9maquillant d\u00e9licatement parfum\u00e9 associe les vertus hydratantes et apaisantes des\u00a0eaux forales de rose\u00a0et\u00a0de fleur d\u2019oranger\u00a0aux propri\u00e9t\u00e9s d\u00e9toxifiantes du\u00a0Th\u00e9 vert.\u00a0Gr\u00e2ce \u00e0 sa formule d\u00e9licate enrichie en glyc\u00e9rine v\u00e9g\u00e9tale le\u00a0lait d\u00e9maquillant detox certifi\u00e9 bio\u00a0est parfait pour hydrater et apaiser la peau.   Certifi\u00e9 bio par Ecocert* 99% du total des ingr\u00e9dients sont d'origine naturelle 10% du total des ingr\u00e9dients sont issus de l'Agriculture Biologique Formule Vegan Fabriqu\u00e9 en France Flacon 100% recycl\u00e9 et recyclable.  *Cosm\u00e9tique Ecologique et Biologique certifi\u00e9 par ECOCERT Greenlife disponible sur\u00a0http:\/\/cosmetiques.ecocert.com  Le lait d\u00e9maquillant douceur detox est id\u00e9al pour : - les adeptes des d\u00e9maquillants sans rin\u00e7age - Les femmes \u00e0 la recherche d\u2019un d\u00e9maquillant doux et naturel - pour tous les types de peaux, en particulier s\u00e8ches et sensibles","og_url":"https:\/\/grainedecoton.fr\/wordpress\/produit\/bouquet-floral-lait-demaquillant-200ml\/","og_site_name":"Graine de coton - Parapharmacie","article_publisher":"https:\/\/www.facebook.com\/pages\/category\/Pharmacy---Drugstore\/Graine-de-coton-parapharmacie-339080217976\/","article_modified_time":"2026-01-02T09:57:18+00:00","og_image":[{"width":620,"height":620,"url":"https:\/\/grainedecoton.fr\/wordpress\/wp-content\/uploads\/2019\/10\/P.jpg","type":"image\/jpeg"}],"twitter_card":"summary_large_image","schema":{"@context":"https:\/\/schema.org","@graph":[{"@type":"WebPage","@id":"https:\/\/grainedecoton.fr\/wordpress\/produit\/bouquet-floral-lait-demaquillant-200ml\/","url":"https:\/\/grainedecoton.fr\/wordpress\/produit\/bouquet-floral-lait-demaquillant-200ml\/","name":"BOUQUET FLORAL Lait d\u00e9maquillant 200ml - Graine de coton - Parapharmacie","isPartOf":{"@id":"https:\/\/grainedecoton.fr\/wordpress\/#website"},"primaryImageOfPage":{"@id":"https:\/\/grainedecoton.fr\/wordpress\/produit\/bouquet-floral-lait-demaquillant-200ml\/#primaryimage"},"image":{"@id":"https:\/\/grainedecoton.fr\/wordpress\/produit\/bouquet-floral-lait-demaquillant-200ml\/#primaryimage"},"thumbnailUrl":"https:\/\/grainedecoton.fr\/wordpress\/wp-content\/uploads\/2019\/10\/P.jpg","datePublished":"2021-03-06T14:51:40+00:00","dateModified":"2026-01-02T09:57:18+00:00","breadcrumb":{"@id":"https:\/\/grainedecoton.fr\/wordpress\/produit\/bouquet-floral-lait-demaquillant-200ml\/#breadcrumb"},"inLanguage":"fr-FR","potentialAction":[{"@type":"ReadAction","target":["https:\/\/grainedecoton.fr\/wordpress\/produit\/bouquet-floral-lait-demaquillant-200ml\/"]}]},{"@type":"ImageObject","inLanguage":"fr-FR","@id":"https:\/\/grainedecoton.fr\/wordpress\/produit\/bouquet-floral-lait-demaquillant-200ml\/#primaryimage","url":"https:\/\/grainedecoton.fr\/wordpress\/wp-content\/uploads\/2019\/10\/P.jpg","contentUrl":"https:\/\/grainedecoton.fr\/wordpress\/wp-content\/uploads\/2019\/10\/P.jpg","width":620,"height":620},{"@type":"BreadcrumbList","@id":"https:\/\/grainedecoton.fr\/wordpress\/produit\/bouquet-floral-lait-demaquillant-200ml\/#breadcrumb","itemListElement":[{"@type":"ListItem","position":1,"name":"Accueil","item":"https:\/\/grainedecoton.fr\/wordpress\/"},{"@type":"ListItem","position":2,"name":"Boutique","item":"https:\/\/grainedecoton.fr\/wordpress\/boutique\/"},{"@type":"ListItem","position":3,"name":"BOUQUET FLORAL Lait d\u00e9maquillant 200ml"}]},{"@type":"WebSite","@id":"https:\/\/grainedecoton.fr\/wordpress\/#website","url":"https:\/\/grainedecoton.fr\/wordpress\/","name":"Graine de coton - Parapharmacie","description":"Produits Bios et naturels","publisher":{"@id":"https:\/\/grainedecoton.fr\/wordpress\/#organization"},"potentialAction":[{"@type":"SearchAction","target":{"@type":"EntryPoint","urlTemplate":"https:\/\/grainedecoton.fr\/wordpress\/?s={search_term_string}"},"query-input":{"@type":"PropertyValueSpecification","valueRequired":true,"valueName":"search_term_string"}}],"inLanguage":"fr-FR"},{"@type":"Organization","@id":"https:\/\/grainedecoton.fr\/wordpress\/#organization","name":"Graine de Coton","url":"https:\/\/grainedecoton.fr\/wordpress\/","logo":{"@type":"ImageObject","inLanguage":"fr-FR","@id":"https:\/\/grainedecoton.fr\/wordpress\/#\/schema\/logo\/image\/","url":"https:\/\/grainedecoton.fr\/wordpress\/wp-content\/uploads\/2018\/11\/logo-graine-de-cotonpt.jpg","contentUrl":"https:\/\/grainedecoton.fr\/wordpress\/wp-content\/uploads\/2018\/11\/logo-graine-de-cotonpt.jpg","width":576,"height":149,"caption":"Graine de Coton"},"image":{"@id":"https:\/\/grainedecoton.fr\/wordpress\/#\/schema\/logo\/image\/"},"sameAs":["https:\/\/www.facebook.com\/pages\/category\/Pharmacy---Drugstore\/Graine-de-coton-parapharmacie-339080217976\/"]}]}},"_links":{"self":[{"href":"https:\/\/grainedecoton.fr\/wordpress\/wp-json\/wp\/v2\/product\/10556"}],"collection":[{"href":"https:\/\/grainedecoton.fr\/wordpress\/wp-json\/wp\/v2\/product"}],"about":[{"href":"https:\/\/grainedecoton.fr\/wordpress\/wp-json\/wp\/v2\/types\/product"}],"replies":[{"embeddable":true,"href":"https:\/\/grainedecoton.fr\/wordpress\/wp-json\/wp\/v2\/comments?post=10556"}],"wp:featuredmedia":[{"embeddable":true,"href":"https:\/\/grainedecoton.fr\/wordpress\/wp-json\/wp\/v2\/media\/8772"}],"wp:attachment":[{"href":"https:\/\/grainedecoton.fr\/wordpress\/wp-json\/wp\/v2\/media?parent=10556"}],"wp:term":[{"taxonomy":"product_brand","embeddable":true,"href":"https:\/\/grainedecoton.fr\/wordpress\/wp-json\/wp\/v2\/product_brand?post=10556"},{"taxonomy":"product_cat","embeddable":true,"href":"https:\/\/grainedecoton.fr\/wordpress\/wp-json\/wp\/v2\/product_cat?post=10556"},{"taxonomy":"product_tag","embeddable":true,"href":"https:\/\/grainedecoton.fr\/wordpress\/wp-json\/wp\/v2\/product_tag?post=10556"}],"curies":[{"name":"wp","href":"https:\/\/api.w.org\/{rel}","templated":true}]}}